{"id":235,"date":"2022-09-25T20:01:49","date_gmt":"2022-09-25T18:01:49","guid":{"rendered":"https:\/\/pta.ur.edu.pl\/?page_id=235"},"modified":"2022-09-25T20:01:49","modified_gmt":"2022-09-25T18:01:49","slug":"wyniki-konkursu-im-m-kwieka","status":"publish","type":"page","link":"https:\/\/pta.ur.edu.pl\/?page_id=235","title":{"rendered":"Wyniki konkursu  im. M. Kwieka"},"content":{"rendered":"\n<p>W konkursie im. M. Kwieka na najlepszy referat wyg\u0142oszony na 68 Otwartym Seminarium z Akustyki OSA 2022 S\u0105d Konkursowy w sk\u0142adzie:<\/p>\n\n\n\n<ul><li>Prof. Adam Bra\u0144ski &#8211; przewodnicz\u0105cy<\/li><li>Prof. Dariusz Bismor<\/li><li>Prof. Andrzej Dobrucki<\/li><li>Prof. Arkadiusz J\u00f3zefczak<\/li><li>Prof. Lucyna Leniowska<\/li><li>Prof. Janusz Piechowicz<\/li><li>Prof. Zbigniew Ranachowski<\/li><li>Prof. Roman Salamon<\/li><\/ul>\n\n\n\n<p>postanowi\u0142 przyzna\u0107&nbsp; nagrody nast\u0119puj\u0105cym uczestnikom:<\/p>\n\n\n\n<p>I miejsce &#8211;&nbsp; Bart\u0142omiej Chojnacki&nbsp;<\/p>\n\n\n\n<p>II miejsce &#8211; Pawe\u0142 \u0141ojek<\/p>\n\n\n\n<p>III miejsce &#8211;&nbsp; Romuald Kuras<\/p>\n\n\n\n<p>Gratulujemy!<\/p>\n","protected":false},"excerpt":{"rendered":"<p>W konkursie im. M. Kwieka na najlepszy referat wyg\u0142oszony na 68 Otwartym Seminarium z Akustyki OSA 2022 S\u0105d Konkursowy w sk\u0142adzie: Prof. Adam Bra\u0144ski &#8211; przewodnicz\u0105cy Prof. Dariusz Bismor Prof. Andrzej Dobrucki Prof. Arkadiusz J\u00f3zefczak Prof. Lucyna Leniowska Prof. Janusz Piechowicz Prof. Zbigniew Ranachowski Prof. Roman Salamon postanowi\u0142 przyzna\u0107&nbsp; nagrody nast\u0119puj\u0105cym uczestnikom: I miejsce &#8211;&nbsp; &hellip; <a href=\"https:\/\/pta.ur.edu.pl\/?page_id=235\" class=\"more-link\">Czytaj dalej <span class=\"screen-reader-text\">Wyniki konkursu  im. M. Kwieka<\/span> <span class=\"meta-nav\">&rarr;<\/span><\/a><\/p>\n","protected":false},"author":1,"featured_media":0,"parent":0,"menu_order":0,"comment_status":"closed","ping_status":"closed","template":"","meta":{"footnotes":""},"folder":[],"_links":{"self":[{"href":"https:\/\/pta.ur.edu.pl\/index.php?rest_route=\/wp\/v2\/pages\/235"}],"collection":[{"href":"https:\/\/pta.ur.edu.pl\/index.php?rest_route=\/wp\/v2\/pages"}],"about":[{"href":"https:\/\/pta.ur.edu.pl\/index.php?rest_route=\/wp\/v2\/types\/page"}],"author":[{"embeddable":true,"href":"https:\/\/pta.ur.edu.pl\/index.php?rest_route=\/wp\/v2\/users\/1"}],"replies":[{"embeddable":true,"href":"https:\/\/pta.ur.edu.pl\/index.php?rest_route=%2Fwp%2Fv2%2Fcomments&post=235"}],"version-history":[{"count":1,"href":"https:\/\/pta.ur.edu.pl\/index.php?rest_route=\/wp\/v2\/pages\/235\/revisions"}],"predecessor-version":[{"id":236,"href":"https:\/\/pta.ur.edu.pl\/index.php?rest_route=\/wp\/v2\/pages\/235\/revisions\/236"}],"wp:attachment":[{"href":"https:\/\/pta.ur.edu.pl\/index.php?rest_route=%2Fwp%2Fv2%2Fmedia&parent=235"}],"wp:term":[{"taxonomy":"folder","embeddable":true,"href":"https:\/\/pta.ur.edu.pl\/index.php?rest_route=%2Fwp%2Fv2%2Ffolder&post=235"}],"curies":[{"name":"wp","href":"https:\/\/api.w.org\/{rel}","templated":true}]}}